{"id":2,"date":"2012-09-08T16:35:05","date_gmt":"2012-09-08T14:35:05","guid":{"rendered":"http:\/\/www.bretterhofer.at\/blog\/?page_id=2"},"modified":"2023-05-25T14:30:00","modified_gmt":"2023-05-25T12:30:00","slug":"about","status":"publish","type":"page","link":"https:\/\/bretterhofer.at\/blog\/about\/","title":{"rendered":"About"},"content":{"rendered":"<p>This is a blog of Christian Bretterhofer.\u00a0 I develop Software since 1980. So some code exists in C, C++, PHP, C#, VB3-VB.Net, Serverside Javascript, SQL. Most of this Software is right in the middle between Humans and Hardware. And i like to deal with all of that.<\/p>\n<p>Contacts:<br \/>\n<a rel=\"me\" href=\"https:\/\/ipv6.social\/@chrbre\">Mastodon<\/a><br \/>\n<a rel=\"me\" href=\"https:\/\/twitter.com\/chrbre\">Twitter<\/a><\/p>\n<div>\n<h2><strong><em>web resources<\/em><\/strong><\/h2>\n<ul>\n<li>DNS now at Dual stack 2019<\/li>\n<li>https:\/\/www.andritz.com, https:\/\/partnernet.andritz.com and some other sites are now hosted with dual stack.<\/li>\n<li>Start of IPV6 Project. Building our Testlab in Dualstack and single stack IPv6<\/li>\n<li>Portal &amp; Social Collabration Days 2014 Speaker <a href=\"http:\/\/www.marcusevans-conferences-german.com\/language-marcusevans-conferences-event-details.asp?EventID=20701\" rel=\"nofollow\" rev=\"contents\">http:\/\/www.marcusevans-conferences-german.com\/language-marcusevans-conferences-event-details.asp?EventID=20701<\/a><\/li>\n<li>13. Jahrestagung Mitarbeiterportale 2012 Speaker <a href=\"http:\/\/www.marcusevanssh.com\/marcusevans-conferences-event-details.asp?EventID=18806&amp;SectorID=5\" rel=\"nofollow\" rev=\"contents\">http:\/\/www.marcusevanssh.com\/marcusevans-conferences-event-details.asp?EventID=18806&amp;SectorID=5<\/a><\/li>\n<li>2. Jahrestagung Web &amp; Portal Technology 2010 <a href=\"http:\/\/www.btexx.com\/sites\/default\/files\/WebPortalTechnology2010_0.pdf\" rel=\"nofollow\" rev=\"contents\">http:\/\/www.btexx.com\/sites\/default\/files\/WebPortalTechnology2010_0.pdf<\/a><\/li>\n<\/ul>\n<ul>\n<li>Company Website of Andritz AG<\/li>\n<li>11. Mai 2004 Content Management: Was k\u00f6nnen Sie? Worauf ist beim Kauf zu achten? <a href=\"http:\/\/www.future-network.at\/news_1.asp?nid=78\">.future-network.at<\/a><a href=\"http:\/\/www.future-network.at\/files\/Events\/2004\/AE_CRM.pdf\">Content Management Best Practice<\/a>Mit dem B\u00f6rsegang des Unternehmens im Jahr 2001 begann eine neue \u00c4ra von E-Business-Projekten bei der Andritz AG, einem traditionsreichen \u00f6sterreichischen Maschinenbaukonzern aus Graz. Nach dem Relaunch des mehrsprachigen Internet-Portals wurden seither zahlreiche E-Business- Initiativen im Bereich Internet\/ Intranet\/Extranet umgesetzt. Andritz AG als \u00f6sterreichisches Beispiel f\u00fcr eine erfolgreiche ECM-Strategie aus dem Industriesegment.<\/li>\n<li><a href=\"http:\/\/www.infotime.at\/detail_cms_knowledge.htm\"> 08.05.2002 It&#8217;s InfoT.I.M.E.&#8221;, einer Veranstaltungsreihe des Grazer Technologieunternehmens INFONOVA, der Telekommunikationsinitiative Steiermark (@telekis), dem WIFI Steiermark und zahlreichen weiteren Sponsoren aus Wirtschaft und Politik unterst\u00fctzt wird.<\/a>Documents are only available here <a href=\"http:\/\/www.bretterhofer.at\/bre\/2002\/\">2002\/<\/a> and <a href=\"http:\/\/www.infotime.at\/arbeitsunterl_2002\/5_Herte.pdf\">http:\/\/www.infotime.at\/arbeitsunterl_2002\/5_Herte.pdf<\/a><\/li>\n<li>Volkstanz in der Steiermark <a href=\"http:\/\/www.volkstanz.st\">http:\/\/www.volkstanz.st<\/a><\/li>\n<li><a href=\"http:\/\/www.volkstanz.st\/grenzenlos-tanzen\/\">Bundesvolkstanzfest 2004 Bad Gleichenberg\/Steiermark\/\u00d6sterreich<\/a><\/li>\n<\/ul>\n<\/div>\n<div>\n<h2><strong>A brief <em>curriculum vitae<\/em><\/strong><\/h2>\n<ul>\n<li>2014- Promoting the IPv4 to IPv6 transition at Andritz AG<\/li>\n<li>2011-2012 Selection of the next generation Document management system for the Andritz Group.<\/li>\n<li>2010 Member of the Compentence Center Enterprise Content management systems of the Andritz AG<\/li>\n<li>2008 Product design\/Implememtation of eParcel transmital management system https:\/\/partnernet.andritz.com\/eParcel<\/li>\n<li>2007 -2015 Implementation of a Organization Database for the Andritz Group. Development Partnership with http:\/\/mum-software.com<\/li>\n<li>since 2002 geo-ip based DNS system for faster local access and geographic failover<\/li>\n<\/ul>\n<ul>\n<li>2002 Implementation of a Content delivery system for the Andritz AG using commodidy file servers<\/li>\n<\/ul>\n<ul>\n<li>2001-present: eBusiness, Web Services ,IT Project Manager at IT Department of Andritz AG A-8045 Graz, Austria.2004 IT-Project leader for Redesign of http:\/\/www.andritz.com2002 IT-Project leader for start of Intranet in Andritz Group with Content management system of Andritz Group2001 technical final decision for Content management system of Andritz Group<\/li>\n<li>1999 first redesign of internet web presence of Andritz AG ( Complete Programming ).<br \/>\n1998 Creation of ACIS ( Andritz Customer information System ). This is a publishing platform for CD based documentation1997 first internet web presence of Andritz AG ( Complete Programming ).1995 first intranet web presence inside Andritz AG ( Complete Programming of automation department graz ).<\/li>\n<li>1990-2001: Automation of cold rolling mills for the Automation department of Andritz AG A-8045 Graz, Austria.Places were i did my automation tasks: Kaoshing\/Taiwan, Shenyang\/China, Porter\/Indiana\/US, Neaples and Lecco\/ Italy, France, various places in Germany ( Salzgitter, Wiesbaden, D\u00fcsseldorf, &#8230;.. )<\/li>\n<li>1998-2001: Lehrbeauftragter am Institut Sportwissenschaften der K.F.-Uni Graz (PC-Anwendung im Sport) <em><a href=\"http:\/\/gewi.uni-graz.at\/%7Ebretter\/\">http:\/\/gewi.uni-graz.at\/~bretter\/<\/a><\/em><\/li>\n<li>1989: Universit\u00e4tsassistent am Institut f\u00fcr Elektromagnetische Energieumwandlung with private sponsership of a small company in Graz\/Austria devolping microprocesser based controls for water pressure control and Windows control programs for remote communication<\/li>\n<\/ul>\n<\/div>\n<div>\n<h2><strong>Education<\/strong><\/h2>\n<ul>\n<li>1982-1989 Technical University Graz, Electrotecnics and AutomationTU-Graz Fakult\u00e4t Elektrotechnik mit Spezialisierung auf Messtechnik und Automatisierungstechnik.<\/li>\n<li>1976-1981 HTL Graz G\u00f6sting for Communications technology and Electronics<\/li>\n<\/ul>\n<\/div>\n<div>\n<h2><strong>Stuff that engages me<\/strong><\/h2>\n<ul>\n<li>My family<\/li>\n<li><a href=\"http:\/\/ww.volkstanz.st\">Volkstanz in der Steiermark<\/a>\/Folk dancing<\/li>\n<li><a href=\"http:\/\/wwww.volkstanzwannwo.at\">Volkstanz in \u00d6sterreich<\/a><\/li>\n<\/ul>\n<\/div>\n<div>\n<h2><strong>Places I&#8217;ve worked<\/strong><\/h2>\n<ul>\n<li><a href=\"http:\/\/graz.at\">Graz<\/a> Steiermark\/Austria<\/li>\n<li>Vienna<\/li>\n<li>Foshan\/China<\/li>\n<li>Kaoshiung\/Taiwan<\/li>\n<li>Atlanta\/GA\/US, Muncy\/PA\/US, Porter\/IN\/US<\/li>\n<li>Germany, France, Sweden, Finland, Italy<\/li>\n<\/ul>\n<\/div>\n<div>\n<h2><strong>Places I&#8217;ve lived<\/strong><\/h2>\n<ul>\n<li><a href=\"http:\/\/graz.at\">Graz<\/a> Steiermark\/Austria<\/li>\n<li>Krieglach Steiermark\/Austria<\/li>\n<\/ul>\n<\/div>\n<h2><strong>Some Hobbys:<\/strong><\/h2>\n<ul>\n<li>Programming\n<ul>\n<li>Distributed computing<\/li>\n<li>multi master application server applications<\/li>\n<li>Content delivery networks<\/li>\n<li>Open source<\/li>\n<\/ul>\n<\/li>\n<li>Folk dancing ( see <a title=\"http:\/\/www.volkstanz.st\" href=\"http:\/\/www.volkstanz.st\" target=\"_blank\" rel=\"noopener noreferrer\">http:\/\/www.volkstanz.st<\/a> )<\/li>\n<li>Automation Knowledge ( real time operating systems, far distance remote control, servo hydraulics )<\/li>\n<\/ul>\n","protected":false},"excerpt":{"rendered":"<p>This is a blog of Christian Bretterhofer.\u00a0 I develop Software since 1980. So some code exists in C, C++, PHP, C#, VB3-VB.Net, Serverside Javascript, SQL.<\/p>\n","protected":false},"author":1,"featured_media":0,"parent":0,"menu_order":0,"comment_status":"open","ping_status":"open","template":"","meta":{"footnotes":""},"jetpack_sharing_enabled":true,"_links":{"self":[{"href":"https:\/\/bretterhofer.at\/blog\/wp-json\/wp\/v2\/pages\/2"}],"collection":[{"href":"https:\/\/bretterhofer.at\/blog\/wp-json\/wp\/v2\/pages"}],"about":[{"href":"https:\/\/bretterhofer.at\/blog\/wp-json\/wp\/v2\/types\/page"}],"author":[{"embeddable":true,"href":"https:\/\/bretterhofer.at\/blog\/wp-json\/wp\/v2\/users\/1"}],"replies":[{"embeddable":true,"href":"https:\/\/bretterhofer.at\/blog\/wp-json\/wp\/v2\/comments?post=2"}],"version-history":[{"count":13,"href":"https:\/\/bretterhofer.at\/blog\/wp-json\/wp\/v2\/pages\/2\/revisions"}],"predecessor-version":[{"id":917,"href":"https:\/\/bretterhofer.at\/blog\/wp-json\/wp\/v2\/pages\/2\/revisions\/917"}],"wp:attachment":[{"href":"https:\/\/bretterhofer.at\/blog\/wp-json\/wp\/v2\/media?parent=2"}],"curies":[{"name":"wp","href":"https:\/\/api.w.org\/{rel}","templated":true}]}}